ermine r(4).
12
Let i(t) = t - 20. Calculate i(10).
-10
Let z(x) = -9*x + 69. Calculate z(9).
-12
Let p(r) = 4*r**2 + 33*r - 20. Calculate p(-9).
7
Let y(v) = 15*v**2 - 2*v. What is y(-2)?
64
Let a(r) = 4*r**2 + 14*r - 6. Give a(-4).
2
Let a(d) = d**3 - 10*d**2 - 12*d - 30. Calculate a(11).
-41
Let u(s) = -s**2 + 2*s + 4. Determine u(5).
-11
Let a(l) = -l**3 + l**2 + 10. Determine a(0).
10
Let i(r) = 32*r**3 + 2*r**2 + 2*r + 1. What is i(-1)?
-31
Let y(u) = u**2 + 3*u - 28. Calculate y(-7).
0
Let v(a) = -a**3 + 7*a**2 + 8*a + 10. Calculate v(8).
10
Let v(l) = -6*l + 8. Calculate v(5).
-22
Let g(l) = -3*l**3 + 6*l**2 + 10*l + 2. What is g(-2)?
30
Let m(s) = s**3 - 10*s**2 + 3*s - 3. Determine m(10).
27
Let x(l) = l**3 + 10*l**2 - 3*l + 6. Calculate x(-11).
-82
Let o(y) = -5*y - 157. Calculate o(-31).
-2
Let t(r) = 7*r**2 + 51*r - 104. What is t(2)?
26
Let o(f) = 2*f**2 + 19*f + 9. Determine o(-8).
-15
Let k(p) = -p**2 + 3*p + 15. Calculate k(-9).
-93
Let q(m) = m**3 - 12*m**2 + 10*m + 9. Calculate q(11).
-2
Let f(b) = -13*b - 153. Determine f(-12).
3
Let k(x) = -7*x + 1. Determine k(-3).
22
Let s(u) = -2*u**2 - 8*u + 14. Give s(2).
-10
Let o(g) = g + 1. Calculate o(8).
9
Let d(r) = -r - 12. Calculate d(0).
-12
Let b(k) = 8*k - 4. Determine b(3).
20
Let x(q) = q**2 - 23*q + 117. Give x(15).
-3
Let s(p) = -p**2 - 3*p. Calculate s(3).
-18
Let j(w) = 2*w**3 + 19*w**2 + 20*w + 11. Determine j(-8).
43
Let q(t) = -t**2 - 26*t - 103. Calculate q(-17).
50
Let o(q) = -q + 15. Determine o(8).
7
Let i(p) = -p**3 + 7*p**2 + 8*p + 6. What is i(8)?
6
Let c(s) = -s**3 + 9*s**2 - 7*s - 11. Determine c(8).
-3
Let d(x) = 13*x - 9. What is d(-1)?
-22
Let x(v) = -8*v - 58. Determine x(-7).
-2
Let u(l) = -7*l - 5. Determine u(3).
-26
Let a(y) = 3*y + 136. Calculate a(-45).
1
Let j(a) = a**2 + 23*a + 44. Determine j(-18).
-46
Let n(v) = v**2 + 9*v + 6. Determine n(-4).
-14
Let n(x) = x**2 - 11*x + 14. Give n(8).
-10
Let r(t) = t**3 - 9*t**2 - 2*t + 11. Give r(9).
-7
Let d(x) = -3*x**2 + 6*x - 6. Give d(4).
-30
Let a(k) = 2*k + 54. What is a(-29)?
-4
Let t(y) = -y**2 + 7*y - 19. Determine t(2).
-9
Let a(q) = q**2 - 2*q. Determine a(5).
15
Let j(s) = -5*s + 2. Calculate j(-1).
7
Let z(d) = d**2 + d + 4. Calculate z(3).
16
Let q(h) = 3*h - 24. What is q(13)?
15
Let a(j) = 41*j + 1. Calculate a(-1).
-40
Let s(m) = m**2 + 12*m. Determine s(-10).
-20
Let y(j) = j**3 + 10*j**2 - 23*j + 14. What is y(-12)?
2
Let k(o) = -19*o - 2. What is k(1)?
-21
Let a(o) = o**3 - 11*o**2 - 10*o - 25. Give a(12).
-1
Let t(c) = -c**3 + 7*c**2 + 4*c + 19. Determine t(8).
-13
Let x(y) = 4*y**2 - 3*y. Determine x(3).
27
Let b(r) = r**3 + 3*r**2 - r + 1. Calculate b(-2).
7
Let h(j) = -j**3 + 9*j**2 + j - 26. Determine h(9).
-17
Let q(w) = -w**3 - 9*w**2 - 7*w - 9. Give q(-9).
54
Let c(o) = -o**2 - 3*o + 20. What is c(-5)?
10
Let i(n) = -4*n**2 - 3*n + 7. Give i(-4).
-45
Let j(k) = 2*k - 9. Give j(0).
-9
Let w(p) = -p**3 - 5*p**2 - 6*p - 2. What is w(-4)?
6
Let f(z) = 15*z**2 + 2*z - 3. Determine f(2).
61
Let t(s) = -s**3 - 15*s**2 - 11*s + 3. Calculate t(-14).
-39
Let y(a) = a + 15. Give y(-12).
3
Let o(k) = -k**2 - 3*k - 1. Give o(-1).
1
Let b(v) = -5*v + 10. Give b(4).
-10
Let k(a) = -a + 12. Determine k(-14).
26
Let b(g) = 2*g**2 + 6*g - 21. Determine b(-5).
-1
Let g(o) = -o**3 + 4*o**2 - 4*o - 1. What is g(3)?
-4
Let u(y) = 25*y**2 + 7*y + 13. Determine u(-2).
99
Let p(m) = -m**2 - 31*m - 67. Determine p(-2).
-9
Let d(k) = -k**3 + 4*k**2 + 6. Give d(4).
6
Let k(u) = -u**2 - 14*u + 5. Calculate k(-16).
-27
Let t(f) = 2*f**2 - 68*f - 300. Calculate t(38).
4
Let g(m) = m**3 + 11*m**2 - 12*m - 24. Calculate g(-12).
-24
Let x(m) = -2*m**2 + 58*m - 64. What is x(28)?
-8
Let z(p) = p + 5. What is z(5)?
10
Let f(k) = k**3 - 13*k**2 - k + 5. What is f(13)?
-8
Let a(f) = 55*f**2 - 7*f - 14. Give a(-2).
220
Let g(j) = j**2 - 20. Give g(-5).
5
Let j(s) = 4*s**2 - 53*s + 14. Calculate j(13).
1
Let w(o) = o**2 + 7*o + 7. Determine w(-7).
7
Let q(u) = 20*u + 55. What is q(-6)?
-65
Let p(t) = -144*t + 142. Calculate p(1).
-2
Let s(w) = -16*w**3 - 4*w**2 - 4*w - 1. Determine s(-1).
15
Let k(n) = -5*n + 24. Determine k(6).
-6
Let g(m) = 4*m**2. Determine g(2).
16
Let u(h) = -3*h + 20. Give u(14).
-22
Let b(j) = j - 3. Determine b(6).
3
Let a(g) = 2*g**2 + 23*g - 14. Determine a(-10).
-44
Let x(v) = -8*v - 5. Give x(-7).
51
Let f(r) = -2*r - 7. Calculate f(-20).
33
Let q(k) = 18*k - 14. What is q(4)?
58
Let t(j) = j**2 - 2*j + 7. Determine t(3).
10
Let f(s) = 15*s**2 + s. Calculate f(-1).
14
Let s(c) = -c**3 - 13*c**2 + c + 16. Give s(-13).
3
Let y(l) = 2*l**3 + l**2 + 3. Determine y(-2).
-9
Let b(v) = -80*v - 2. What is b(-1)?
78
Let n(m) = -m**3 - 5*m**2 + 4*m - 4. Give n(-6).
8
Let r(q) = q**2 + 4*q + 12. Give r(-4).
12
Let i(c) = 4*c**2 - 3. What is i(-2)?
13
Let p(f) = f**2 + 41*f + 119. What is p(-38)?
5
Let r(k) = -k**3 - 5*k**2 - 3*k - 1. Determine r(-5).
14
Let h(v) = -7*v + 117. Calculate h(18).
-9
Let v(l) = l**3 + l**2 - 44*l + 89. Give v(2).
13
Let m(q) = -15*q + 54. Give m(6).
-36
Let d(r) = -r**2 - 4*r - 3. What is d(-3)?
0
Let o(l) = 9*l + 6. Calculate o(7).
69
Let c(f) = -f**3 + 8*f**2 - 15*f + 9. Give c(6).
-9
Let s(f) = -f**3 - 3*f + 6. Determine s(0).
6
Let m(b) = -b**2 + 11*b + 18. What is m(13)?
-8
Let n(x) = -x**3 + 4*x**2 - 16. Determine n(4).
-16
Let d(o) = o**2 + 39*o - 121. What is d(3)?
5
Let g(s) = -s**2 - 6. Determine g(4).
-22
Let o(h) = -h**2 + 3*h - 2. Give o(-3).
-20
Let b(u) = 126*u + 1143. What is b(-9)?
9
Let q(n) = 3*n**2 + 3*n + 7. Give q(-4).
43
Let i(p) = p**2 + 41*p + 310. Give i(-10).
0
Let r(z) = z**2 - 9*z + 11. Give r(8).
3
Let c(g) = -2*g**2 - 4. Calculate c(3).
-22
Let s(b) = b**3 - 6*b**2 + 21. Calculate s(5).
-4
Let c(m) = 2*m**2 + 2*m - 3. Determine c(-1).
-3
Let m(y) = -17*y**3 - 2*y**2 + 2*y - 1. Calculate m(1).
-18
Let o(i) = 11*i**2 - 5*i + 10. What is o(2)?
44
Let v(h) = -4*h**3 - 2*h**2 - 4*h + 4. Calculate v(-3).
106
Let q(m) = -4*m - 15. What is q(-6)?
9
Let d(r) = -r**3 + r**2 - 2*r + 24. Calculate d(3).
0
Let k(w) = -2*w**2 - 20*w + 76. Calculate k(-12).
28
Let j(z) = -5*z**3 - z**2 + 5*z - 7. Give j(2).
-41
Let i(f) = f**2 - f - 8. Calculate i(-3).
4
Let q(l) = -l**3 + 9*l**2 + 11*l - 9. Give q(10).
1
Let d(n) = -5*n**3 - 3*n**2 - n + 1. Give d(-2).
31
Let g(r) = -r**2 + 6*r - 3. Give g(5).
2
Let u(r) = 52*r - 95. What is u(2)?
9
Let w(h) = 71*h - 420. Calculate w(6).
6
Let g(t) = -t**2 + 11*t + 7. Calculate g(13).
-19
Let s(g) = 5*g + 14. What is s(11)?
69
Let f(d) = d**2 + 6*d - 6. Give f(3).
21
Let c(j) = -2*j + 18. Determine c(-7).
32
Let s(l) = 2*l + 38. Determine s(-21).
-4
Let n(r) = 2*r + 5. What is n(-4)?
-3
Let r(i) = i**2 + 19*i - 48. Determine r(-22).
18
Let g(a) = -a**3 + 13*a**2 + 13*a - 6. Give g(14).
-20
Let b(v) = -v**3 + 3*v**2 + v - 1. Determine b(-2).
17
Let k(h) = -14*h + 8. Determine k(1).
-6
Let n(g) = 48*g + 295. Give n(-6).
7
Let x(f) = f**3 - 6*f**2 + 4*f - 1. Calculate x(5).
-6
Let w(o) = -o**3 - 13*o**2 - 11*o - 4. Determine w(-12).
-16
Let a(f) = f + 1. Give a(7).
8
Let c(m) = -m**3 + 8*m**2 - 9*m + 2. Give c(6).
20
Let f(n) = n**2 - 1. Give f(-3).
8
Let d(l) = l**2 + 11*l + 6. Determine d(-11).
6
Let i(b) = -3*b + 11. Give i(-6).
29
Let b(h) = 3*h + 4. What is b(6)?
22
Let a(d) = -2*d**2 - 22*d + 68. Give a(3).
-16
Let o(h) = 4*h**2 + 18*h - 6. Give o(-9).
156
Let v(s) = -2*s**3 - 4*s**2 - 3*s - 1. What is v(-2)?
5
Let a(j) = -j + 2. Give a(-4).
6
Let v(h) = 3*h + 100. Determine v(-35).
-5
Let a(t) = 4*t + 3. Determine a(-5).
-17
Let a(q) = -27*q - 1. Give a(1).
-28
Let a(y) = -6*y + 7. Give a(3).
-11
Let m(x) = 3*x**2 - 7*x. Calculate m(3).
6
Let z(q) = q**3 + q**2 - 6*q - 4. Give z(-3).
-4
Let u(l) = 146*l + 3. Give u(1).
149
Let z(o) = o**2 + o + 63. What is z(0)?
63
Let q(k) = 32*k - 289. Calculate q(9).
-1
Let a(g) = -g**2 + 8*g - 12. What is a(5)?
3
Let o(x) = x**2 + 6*x - 2. What is o(-6)?
-2
Let p(w) = 4*w**3 - w**2 - 5*w - 3. Determine p(-1).
-3
Let i(a) = -22*a - 21. Calculate i(-3).
45
Let o(a) = 2*a**2 - 29*a + 33. Determine o(13).
-6
Let w(c) = 3*c**3 - 4*c**2 + 2. What is w(3)?
47
Let t(i) = 2*i**2 + 5*i + 2. Determine t(-5).
27
Let a(y) = -y**2 - 11*y + 14. Calculate a(-10).
24
Let k(d) = -2*d**2 + 7